(p) = -2*p**2 + 2*p + 178. Give g(-9).
-2
Let o(c) = c**3 - 14*c**2 - 26*c + 97. Give o(15).
-68
Let k(g) = -17*g**2 + 79*g - 27. Give k(3).
57
Let g(y) = 5*y**2 - 5*y - 8. Give g(-2).
22
Let x(t) = 89*t**3 - t**2 + 2. What is x(-1)?
-88
Let i(j) = -2*j**3 - 34*j**2 - j - 64. Give i(-17).
-47
Let t(g) = g**3 + 12*g**2 + 14*g + 46. Determine t(-9).
163
Let o(y) = 71*y - 572. What is o(8)?
-4
Let v(u) = u**3 - 36*u**2 - 93*u + 642. Calculate v(38).
-4
Let h(k) = 2*k**3 + 22*k**2 - 2*k + 8. Calculate h(-11).
30
Let f(s) = 2*s**3 + 4*s**2 + 20*s + 89. Give f(-4).
-55
Let z(h) = -2*h**3 - 38*h**2 - 38*h - 26. Determine z(-18).
10
Let h(d) = d**3 - 107*d**2 - 2*d + 3. Determine h(0).
3
Let q(r) = -4*r**3 + 21*r**2 - 9*r + 9. What is q(4)?
53
Let c(n) = 2*n**2 + 282*n - 815. What is c(-144)?
49
Let n(q) = -8*q**2 + 686*q + 190. What is n(86)?
18
Let t(y) = 180*y + 18. Calculate t(1).
198
Let q(b) = b**3 - 4*b**2 - 4*b - 7. Give q(9).
362
Let w(m) = 31*m**2 + 1675*m + 59. Give w(-54).
5
Let p(k) = -k**3 + 11*k**2 + 85*k - 18. What is p(17)?
-307
Let u(b) = 2*b**2 + 45*b - 152. Calculate u(-24).
-80
Let r(m) = m**3 + 63*m**2 + 531*m - 55. Determine r(-10).
-65
Let c(v) = 28*v**2 - 39*v. Give c(1).
-11
Let c(k) = k**2 + k - 9. Give c(0).
-9
Let t(j) = -45*j - 173. Give t(-4).
7
Let t(c) = 18*c + 599. Give t(-34).
-13
Let f(n) = -4*n**2 + 56*n + 805. Calculate f(-9).
-23
Let o(j) = -1172*j - 11723. Determine o(-10).
-3
Let u(g) = -g**3 + 27*g**2 + 415*g - 41. Determine u(-11).
-8
Let k(h) = 117*h - 225. Give k(2).
9
Let c(t) = 11789*t + 35363. Calculate c(-3).
-4
Let s(w) = -2*w**3 + 8*w**2 + 14*w - 35. Determine s(2).
9
Let w(r) = 66*r + 59. Give w(-1).
-7
Let n(l) = l**3 - 10*l**2 + 133*l - 634. What is n(6)?
20
Let o(k) = k**3 + 112*k**2 + 342*k + 13425. Give o(-110).
5
Let l(k) = 123*k + 29. What is l(-2)?
-217
Let o(m) = -m**3 + 33*m**2 - 127*m + 26. Determine o(28).
390
Let w(j) = 802*j + 3219. Determine w(-4).
11
Let j(r) = r**2 - 539*r + 48747. What is j(115)?
-13
Let q(x) = 208*x - 19559. Calculate q(94).
-7
Let s(x) = 2*x**2 + 195*x - 3376. Determine s(15).
-1
Let j(g) = -27*g**3 - 8*g**2 + 12*g - 13. Determine j(2).
-237
Let h(i) = i**3 - 18*i**2 - 24*i + 79. Calculate h(19).
-16
Let h(y) = 2334*y + 23313. Give h(-10).
-27
Let w(s) = s**3 + 8*s**2 - 6*s - 113. Calculate w(-9).
-140
Let h(u) = 678*u + 10243. Give h(-15).
73
Let n(o) = 39*o + 11428. What is n(-293)?
1
Let q(l) = 24*l - 13. Determine q(5).
107
Let q(f) = -2*f**2 + 5*f + 6. Determine q(-5).
-69
Let s(x) = -49*x**2 - 6*x + 2. Determine s(0).
2
Let j(o) = -15*o**2 + 91*o - 83. Give j(5).
-3
Let w(q) = -3*q**2 + 98*q + 1033. Determine w(-11).
-408
Let s(d) = -6*d**2 + 23*d + 45. What is s(-6)?
-309
Let n(c) = -c**3 + 140*c**2 + 574*c + 300. Give n(144).
12
Let r(s) = 42*s + 1414. What is r(-28)?
238
Let m(t) = t**3 + 8*t**2 + 19*t + 9. Give m(-5).
-11
Let y(j) = j**2 + 43*j - 96. Calculate y(-45).
-6
Let f(m) = 193*m + 2338. Give f(-12).
22
Let t(c) = c**3 + 7*c**2 - 26*c + 7. Calculate t(2).
-9
Let c(x) = -x**2 + 21*x + 49. Calculate c(-8).
-183
Let r(o) = -86*o + 7140. Calculate r(83).
2
Let c(l) = -l**2 - 6*l + 101. Give c(6).
29
Let h(z) = -48*z - 2184. What is h(-46)?
24
Let f(z) = 95*z - 106. Determine f(1).
-11
Let f(s) = -6*s + 624. What is f(106)?
-12
Let p(m) = -11*m**2 + 328*m + 65. Give p(30).
5
Let g(j) = 79*j - 487. Give g(6).
-13
Let d(j) = -47*j + 52. Calculate d(5).
-183
Let m(y) = -3*y**2 + 12*y + 194. What is m(12)?
-94
Let v(h) = 3250*h - 16267. Determine v(5).
-17
Let m(c) = 15*c**2 + 6*c. Give m(-2).
48
Let n(k) = 42*k**2 + 1643*k + 212. What is n(-39)?
17
Let t(o) = 635*o - 1214. Calculate t(2).
56
Let p(q) = 3*q**2 + 20*q - 148. Calculate p(-11).
-5
Let f(q) = -q**3 + 40*q**2 + 88*q - 154. What is f(42)?
14
Let q(o) = -o**3 - 37*o**2 + 1066*o - 24. Determine q(-56).
-136
Let g(k) = 2*k**3 + 8*k**2 - 27*k + 20. What is g(2)?
14
Let l(o) = -o**3 + 17*o**2 + 10. Calculate l(17).
10
Let d(g) = 7*g**2 - 40*g - 32. Determine d(7).
31
Let r(u) = -444*u - 1776. Determine r(-4).
0
Let y(a) = -6*a + 86. What is y(33)?
-112
Let n(q) = -40908*q - 122730. Determine n(-3).
-6
Let w(t) = 3*t**2 - 69*t - 5. Calculate w(27).
319
Let u(j) = -j**2 + 22*j - 50. Calculate u(18).
22
Let g(s) = -s**2 + 29*s - 31. What is g(28)?
-3
Let a(r) = r**3 - 16*r**2 - 1612*r - 84. Calculate a(49).
161
Let o(p) = -p**3 - 48*p**2 - 42*p + 244. What is o(-47)?
9
Let w(f) = 52*f - 2632. Give w(55).
228
Let x(j) = j**2 + 8*j - 59. Give x(-7).
-66
Let c(g) = 60*g**3 + 6*g**2 + 15*g + 10. Determine c(-1).
-59
Let s(r) = 872*r - 2595. Determine s(3).
21
Let j(w) = w**3 + 3*w**2 + 7. What is j(-4)?
-9
Let l(x) = 78*x - 1143. Determine l(15).
27
Let h(m) = 8*m - 34. What is h(6)?
14
Let s(j) = j**3 - 15*j**2 + 20*j. What is s(15)?
300
Let a(z) = 4*z**3 + 478*z**2 + 240*z + 255. Determine a(-119).
17
Let a(z) = -41*z - 1755. What is a(-43)?
8
Let w(q) = 2*q**3 - 15*q**2 - 21*q + 33. Give w(8).
-71
Let h(u) = 4*u**3 - 318*u**2 - 2*u. Calculate h(0).
0
Let x(k) = 6*k**2 + 42*k - 478. Determine x(-13).
-10
Let m(x) = 359*x - 4292. Calculate m(12).
16
Let h(g) = 9*g**3 + 109*g**2 + g - 14. Determine h(-12).
118
Let o(z) = -10*z + 439. Determine o(37).
69
Let z(i) = -i**2 - 271*i - 4780. What is z(-19)?
8
Let d(f) = f**3 + 6*f**2 - 23*f. Calculate d(3).
12
Let w(c) = 215*c - 185. Calculate w(1).
30
Let m(f) = -9345*f - 65413. Determine m(-7).
2
Let t(r) = -r**2 - 305*r + 1868. Determine t(6).
2
Let d(p) = -2*p**2 + 91*p - 239. Give d(42).
55
Let s(y) = 2*y**2 + 8*y + 29. What is s(8)?
221
Let i(p) = 115*p + 339. Calculate i(-3).
-6
Let q(t) = 33*t - 237. Determine q(7).
-6
Let n(y) = -2*y**2 - 5*y + 79. Calculate n(5).
4
Let h(o) = o**3 + 152*o**2 - 215*o - 9486. What is h(-153)?
0
Let o(h) = -2088*h - 45935. What is o(-22)?
1
Let z(v) = -20*v + 52. Calculate z(-3).
112
Let f(l) = -l**3 - 12*l**2 + 34*l + 93. What is f(-14)?
9
Let d(n) = -3*n**3 - 18*n**2 + 22*n + 139. Determine d(-8).
347
Let t(n) = -n**3 - 90*n**2 + 89*n - 24. Give t(-91).
158
Let k(u) = -132*u + 6255. Give k(47).
51
Let i(u) = -u**2 + 14*u + 192. Calculate i(-9).
-15
Let f(j) = -j**3 - 14*j**2 + 11*j + 34. What is f(-13)?
-278
Let j(r) = 2*r**3 - 41*r**2 - 16*r - 120. Calculate j(21).
-15
Let f(h) = -57*h + 226. Give f(3).
55
Let h(p) = -362*p + 2166. Give h(6).
-6
Let c(s) = 11*s + 164. What is c(-19)?
-45
Let u(l) = -37*l + 764. Calculate u(23).
-87
Let k(n) = 2*n**2 - 60*n - 112. Calculate k(32).
16
Let v(k) = 2*k**3 + 72*k**2 - 10*k - 40. Calculate v(-36).
320
Let w(f) = 267*f + 1614. Calculate w(-6).
12
Let t(j) = 207*j - 441. Give t(2).
-27
Let i(d) = 6*d**3 - 80*d**2 - 182*d - 3. Give i(-2).
-7
Let d(z) = 3*z**3 + 34*z**2 + 49*z + 33. Give d(-10).
-57
Let b(z) = -122*z - 379. What is b(-3)?
-13
Let k(c) = -5*c**2 + 10*c + 7. Give k(-3).
-68
Let d(q) = 2*q**2 + 771*q + 6795. Determine d(-9).
18
Let k(t) = -6*t**3 + 24*t**2 - 29*t - 6. Give k(5).
-301
Let z(p) = 59*p + 1793. Calculate z(-37).
-390
Let d(a) = 2*a**3 + 48*a**2 - 9*a + 6. Determine d(-24).
222
Let f(p) = p**2 + 126*p + 2702. Calculate f(-99).
29
Let n(p) = 118*p**2 - 11445*p - 97. Determine n(97).
0
Let o(s) = 31*s + 24. What is o(-9)?
-255
Let l(o) = 221*o - 7541. Calculate l(34).
-27
Let z(i) = 3*i**2 - 82*i - 486. Determine z(-5).
-1
Let b(y) = -y**2 - 14*y + 265. What is b(-26)?
-47
Let h(x) = 89*x + 249. What is h(-3)?
-18
Let c(p) = -42*p + 345. Give c(9).
-33
Let m(h) = h**3 - 24*h**2 - 14*h - 59. Calculate m(25).
216
Let k(u) = -7*u**2 + 56*u + 244. Give k(11).
13
Let u(h) = -h**3 + 15*h**2 - 38*h + 46. Give u(13).
-110
Let c(q) = -41*q - 26. What is c(-8)?
302
Let m(f) = -1687*f + 37. What is m(0)?
37
Let y(l) = -l**2 - 10*l + 244. What is y(11)?
13
Let x(r) = 4*r**3 + 3*r**2 - 4*r - 11. Determine x(4).
277
Let c(u) = -481*u - 12218. Give c(-25).
-193
Let k(v) = 14*v + 406. Give k(-15).
196
Let h(m) = m**2 - 8*m + 108. Calculate h(0).
108
Let m(i) = -280*i - 4205. Calculate m(-15).
-5
Let u(y) = 3*y**3 - 5*y**2 - 18*y + 16. What is u(3)?
-2
Let p(i) = -2*i**2 - 12*i - 21. Calculate p(-6).
-21
Let f(i) = -i**2 + 49*i - 64. What is f(48)?
-16
Let x(j) = -40*j**3 + 16*j**2 - 2*j - 4. Determine x(2).
-264
Let v(a) = a**3 + 52*a**2 - 36*a - 1762. Give v(-52).
1